{"id":238,"date":"2016-01-06T21:43:52","date_gmt":"2016-01-06T20:43:52","guid":{"rendered":"http:\/\/www.blog.pracowniatestow.com\/?page_id=238"},"modified":"2022-08-18T20:59:50","modified_gmt":"2022-08-18T18:59:50","slug":"wartosci-pracy","status":"publish","type":"page","link":"https:\/\/www.blog.pracowniatestow.com\/index.php\/testy-psychologiczne\/coaching-kariery\/wartosci-pracy\/","title":{"rendered":"WARTO\u015aCI PRACY"},"content":{"rendered":"<p style=\"text-align: justify;\">Test Warto\u015bci Pracy zosta\u0142 opracowany w oparciu o koncepcj\u0119 Kotwic Kariery Edgara Scheina, efektu 13 lat bada\u0144 absolwent\u00f3w MIT Sloan School Masters Degree Program in Management. Kotwica kariery to kombinacja postrzeganych przez dan\u0105 osob\u0119 w\u0142asnych obszar\u00f3w kompetencji, motywacji i warto\u015bci odnosz\u0105cych si\u0119 do wybor\u00f3w zawodowych (Schein, 1990 i 1996). Schein zidentyfikowa\u0142 8 czynnik\u00f3w nadaj\u0105cych priorytety wyborom zawodowym. Wg. tego badacza ludzie cz\u0119sto dokonuj\u0105 wyboru kariery zawodowej kieruj\u0105c si\u0119 niew\u0142a\u015bciwymi przes\u0142ankami co skutkuje podj\u0119ciem pracy w miejscu nieadekwatnym do posiadanych warto\u015bci a w konsekwencji poczuciem niezadowolenia z wykonywanej pracy oraz spadkiem produktywno\u015bci.<\/p>\n<p style=\"text-align: justify;\">Wyb\u00f3r kariery zgodny z posiadanymi preferencjami, warto\u015bciami pracy, powinien skutkowa\u0107 wi\u0119kszym zadowoleniem z pracy i pe\u0142niejsz\u0105 realizacj\u0105 zawodow\u0105.<\/p>\n<h3 style=\"text-align: justify;\">Struktura warto\u015bci pracy:<\/h3>\n<ul>\n<li style=\"text-align: justify;\"><strong>specjalizacja zawodowa <\/strong>oraz <strong>przyw\u00f3dztwo <\/strong>odnosz\u0105 si\u0119 do rozstrzygni\u0119cia dylematu zwi\u0105zanego z poczuciem, kt\u00f3ra z nich jest wa\u017cniejsza i bardziej w\u0142a\u015bciwa dla danej osoby (rozw\u00f3j w zakresie specjalizacji zawodowej vs pe\u0142nienie funkcji przyw\u00f3dczych).<\/li>\n<li style=\"text-align: justify;\"><strong>autonomia, stabilizacja zawodowa, kreatywna przedsi\u0119biorczo\u015b\u0107<\/strong> oraz <strong>pryncypialno\u015b\u0107 <\/strong>odnosz\u0105 si\u0119 do dominuj\u0105cych motywacji w pracy (bycie osob\u0105 niezale\u017cn\u0105 \u2013 posiadanie stabilnego zatrudnienia \u2013 mo\u017cliwo\u015b\u0107 prowadzenia swojej dzia\u0142alno\u015bci \u2013 mo\u017cliwo\u015b\u0107 realizacji posiadanych warto\u015bci w pracy).<\/li>\n<li style=\"text-align: justify;\"><strong>wyzwanie <\/strong>odzwierciedla styl rozwi\u0105zywania problem\u00f3w i radzenia sobie z trudno\u015bciami (d\u0105\u017cenie do wynik\u00f3w).<\/li>\n<li style=\"text-align: justify;\"><strong>zr\u00f3wnowa\u017cona kariera<\/strong> odnosi si\u0119 do integracji kariery ze sprawami rodzinnymi i prywatnymi (utrzymanie stabilno\u015bci w zakresie r\u00f3wnowagi praca \u2013 \u017cycie prywatne).<\/li>\n<\/ul>\n<p style=\"text-align: justify;\">Test warto\u015bci pracy sk\u0142ada si\u0119 z listy 56 stwierdze\u0144. Zadaniem osoby wype\u0142niaj\u0105cej test jest ustosunkowanie si\u0119 do ka\u017cdego z okre\u015blaj\u0105c na ile dane stwierdzenie pasuje do danej osoby.<\/p>\n<p style=\"text-align: justify;\">Jako wynik osoba wype\u0142niaj\u0105ca test uzyskuje informacje, kt\u00f3re z warto\u015bci pracy s\u0105 dla niej najbardziej istotne a tym samym na co powinna zwr\u00f3ci\u0107 uwag\u0119 przy planowaniu kariery i wyborze odpowiedniej dla siebie pracy.<\/p>\n<p>Przejd\u017a do testu &gt;&gt;<a href=\"https:\/\/www.pracowniatestow.com\/testy\/fill-out,wartosci-pracy-8.html\" target=\"_blank\" rel=\"noopener\">KLIKNIJ TUTAJ<\/a>&lt;&lt;<\/p>\n<hr \/>\n<p>&nbsp;<\/p>\n<p>S\u0142owa kluczowe<\/p>\n<p style=\"text-align: justify;\">test warto\u015bci pracy, warto\u015bci pracy, kotwice kariery,\u00a0darmowy test predyspozycji zawodowych,\u00a0bezp\u0142atny test predyspozycji zawodowych,\u00a0darmowe testy predyspozycji zawodowych,\u00a0darmowe testy zawodowe,\u00a0doradztwo zawodowe testy,\u00a0jak wybra\u0107 zaw\u00f3d test,\u00a0jaki kierunek studi\u00f3w wybra\u0107 test,\u00a0jaki wybra\u0107 zaw\u00f3d test,\u00a0jaki zaw\u00f3d test,\u00a0jaki zaw\u00f3d wybra\u0107 psychotest,\u00a0jaki zaw\u00f3d wybra\u0107 test,<\/p>\n<!-- AddThis Advanced Settings generic via filter on the_content --><!-- AddThis Share Buttons generic via filter on the_content -->","protected":false},"excerpt":{"rendered":"<p>Test Warto\u015bci Pracy zosta\u0142 opracowany w oparciu o koncepcj\u0119 Kotwic Kariery Edgara Scheina, efektu 13 lat bada\u0144 absolwent\u00f3w MIT Sloan School Masters Degree Program in Management. Kotwica kariery to kombinacja<!-- AddThis Advanced Settings generic via filter on wp_trim_excerpt --><!-- AddThis Share Buttons generic via filter on wp_trim_excerpt --><\/p>\n","protected":false},"author":1,"featured_media":240,"parent":41,"menu_order":2,"comment_status":"closed","ping_status":"closed","template":"","meta":{"_monsterinsights_skip_tracking":false,"_monsterinsights_sitenote_active":false,"_monsterinsights_sitenote_note":"","_monsterinsights_sitenote_category":0,"footnotes":""},"class_list":["post-238","page","type-page","status-publish","has-post-thumbnail","hentry","comments-off"],"yoast_head":"<!-- This site is optimized with the Yoast SEO plugin v26.8 - https:\/\/yoast.com\/product\/yoast-seo-wordpress\/ -->\n<title>WARTO\u015aCI PRACY - Pracownia Test\u00f3w BLOG<\/title>\n<meta name=\"description\" content=\"Test Warto\u015bci Pracy zosta\u0142 opracowany w oparciu o koncepcj\u0119 Kotwic Kariery Edgara Scheina, czynnik\u00f3w wp\u0142ywaj\u0105cych na zadowolenie z pracy.\" \/>\n<meta name=\"robots\" content=\"index, follow, max-snippet:-1, max-image-preview:large, max-video-preview:-1\" \/>\n<link rel=\"canonical\" href=\"https:\/\/www.blog.pracowniatestow.com\/index.php\/testy-psychologiczne\/coaching-kariery\/wartosci-pracy\/\" \/>\n<meta property=\"og:locale\" content=\"pl_PL\" \/>\n<meta property=\"og:type\" content=\"article\" \/>\n<meta property=\"og:title\" content=\"WARTO\u015aCI PRACY - Pracownia Test\u00f3w BLOG\" \/>\n<meta property=\"og:description\" content=\"Test Warto\u015bci Pracy zosta\u0142 opracowany w oparciu o koncepcj\u0119 Kotwic Kariery Edgara Scheina, czynnik\u00f3w wp\u0142ywaj\u0105cych na zadowolenie z pracy.\" \/>\n<meta property=\"og:url\" content=\"https:\/\/www.blog.pracowniatestow.com\/index.php\/testy-psychologiczne\/coaching-kariery\/wartosci-pracy\/\" \/>\n<meta property=\"og:site_name\" content=\"Pracownia Test\u00f3w BLOG\" \/>\n<meta property=\"article:modified_time\" content=\"2022-08-18T18:59:50+00:00\" \/>\n<meta property=\"og:image\" content=\"https:\/\/www.blog.pracowniatestow.com\/wp-content\/uploads\/2016\/01\/anchor-681854_640.jpg\" \/>\n\t<meta property=\"og:image:width\" content=\"494\" \/>\n\t<meta property=\"og:image:height\" content=\"640\" \/>\n\t<meta property=\"og:image:type\" content=\"image\/jpeg\" \/>\n<meta name=\"twitter:card\" content=\"summary_large_image\" \/>\n<meta name=\"twitter:label1\" content=\"Szacowany czas czytania\" \/>\n\t<meta name=\"twitter:data1\" content=\"2 minuty\" \/>\n<script type=\"application\/ld+json\" class=\"yoast-schema-graph\">{\"@context\":\"https:\/\/schema.org\",\"@graph\":[{\"@type\":\"WebPage\",\"@id\":\"https:\/\/www.blog.pracowniatestow.com\/index.php\/testy-psychologiczne\/coaching-kariery\/wartosci-pracy\/\",\"url\":\"https:\/\/www.blog.pracowniatestow.com\/index.php\/testy-psychologiczne\/coaching-kariery\/wartosci-pracy\/\",\"name\":\"WARTO\u015aCI PRACY - Pracownia Test\u00f3w BLOG\",\"isPartOf\":{\"@id\":\"https:\/\/www.blog.pracowniatestow.com\/#website\"},\"primaryImageOfPage\":{\"@id\":\"https:\/\/www.blog.pracowniatestow.com\/index.php\/testy-psychologiczne\/coaching-kariery\/wartosci-pracy\/#primaryimage\"},\"image\":{\"@id\":\"https:\/\/www.blog.pracowniatestow.com\/index.php\/testy-psychologiczne\/coaching-kariery\/wartosci-pracy\/#primaryimage\"},\"thumbnailUrl\":\"https:\/\/www.blog.pracowniatestow.com\/wp-content\/uploads\/2016\/01\/anchor-681854_640.jpg\",\"datePublished\":\"2016-01-06T20:43:52+00:00\",\"dateModified\":\"2022-08-18T18:59:50+00:00\",\"description\":\"Test Warto\u015bci Pracy zosta\u0142 opracowany w oparciu o koncepcj\u0119 Kotwic Kariery Edgara Scheina, czynnik\u00f3w wp\u0142ywaj\u0105cych na zadowolenie z pracy.\",\"breadcrumb\":{\"@id\":\"https:\/\/www.blog.pracowniatestow.com\/index.php\/testy-psychologiczne\/coaching-kariery\/wartosci-pracy\/#breadcrumb\"},\"inLanguage\":\"pl-PL\",\"potentialAction\":[{\"@type\":\"ReadAction\",\"target\":[\"https:\/\/www.blog.pracowniatestow.com\/index.php\/testy-psychologiczne\/coaching-kariery\/wartosci-pracy\/\"]}]},{\"@type\":\"ImageObject\",\"inLanguage\":\"pl-PL\",\"@id\":\"https:\/\/www.blog.pracowniatestow.com\/index.php\/testy-psychologiczne\/coaching-kariery\/wartosci-pracy\/#primaryimage\",\"url\":\"https:\/\/www.blog.pracowniatestow.com\/wp-content\/uploads\/2016\/01\/anchor-681854_640.jpg\",\"contentUrl\":\"https:\/\/www.blog.pracowniatestow.com\/wp-content\/uploads\/2016\/01\/anchor-681854_640.jpg\",\"width\":494,\"height\":640,\"caption\":\"warto\u015bci pracy\"},{\"@type\":\"BreadcrumbList\",\"@id\":\"https:\/\/www.blog.pracowniatestow.com\/index.php\/testy-psychologiczne\/coaching-kariery\/wartosci-pracy\/#breadcrumb\",\"itemListElement\":[{\"@type\":\"ListItem\",\"position\":1,\"name\":\"Strona g\u0142\u00f3wna\",\"item\":\"https:\/\/www.blog.pracowniatestow.com\/\"},{\"@type\":\"ListItem\",\"position\":2,\"name\":\"TESTY PSYCHOLOGICZNE\",\"item\":\"https:\/\/www.blog.pracowniatestow.com\/index.php\/testy-psychologiczne\/\"},{\"@type\":\"ListItem\",\"position\":3,\"name\":\"COACHING KARIERY\",\"item\":\"https:\/\/www.blog.pracowniatestow.com\/index.php\/testy-psychologiczne\/coaching-kariery\/\"},{\"@type\":\"ListItem\",\"position\":4,\"name\":\"WARTO\u015aCI PRACY\"}]},{\"@type\":\"WebSite\",\"@id\":\"https:\/\/www.blog.pracowniatestow.com\/#website\",\"url\":\"https:\/\/www.blog.pracowniatestow.com\/\",\"name\":\"Pracownia Test\u00f3w BLOG\",\"description\":\"Pracowania Test\u00f3w to serwis zawieraj\u0105cy testy osobowo\u015bci przydatne w planowaniu i rozwoju kariery  oraz rozwoju osobistym.\",\"potentialAction\":[{\"@type\":\"SearchAction\",\"target\":{\"@type\":\"EntryPoint\",\"urlTemplate\":\"https:\/\/www.blog.pracowniatestow.com\/?s={search_term_string}\"},\"query-input\":{\"@type\":\"PropertyValueSpecification\",\"valueRequired\":true,\"valueName\":\"search_term_string\"}}],\"inLanguage\":\"pl-PL\"}]}<\/script>\n<!-- \/ Yoast SEO plugin. -->","yoast_head_json":{"title":"WARTO\u015aCI PRACY - Pracownia Test\u00f3w BLOG","description":"Test Warto\u015bci Pracy zosta\u0142 opracowany w oparciu o koncepcj\u0119 Kotwic Kariery Edgara Scheina, czynnik\u00f3w wp\u0142ywaj\u0105cych na zadowolenie z pracy.","robots":{"index":"index","follow":"follow","max-snippet":"max-snippet:-1","max-image-preview":"max-image-preview:large","max-video-preview":"max-video-preview:-1"},"canonical":"https:\/\/www.blog.pracowniatestow.com\/index.php\/testy-psychologiczne\/coaching-kariery\/wartosci-pracy\/","og_locale":"pl_PL","og_type":"article","og_title":"WARTO\u015aCI PRACY - Pracownia Test\u00f3w BLOG","og_description":"Test Warto\u015bci Pracy zosta\u0142 opracowany w oparciu o koncepcj\u0119 Kotwic Kariery Edgara Scheina, czynnik\u00f3w wp\u0142ywaj\u0105cych na zadowolenie z pracy.","og_url":"https:\/\/www.blog.pracowniatestow.com\/index.php\/testy-psychologiczne\/coaching-kariery\/wartosci-pracy\/","og_site_name":"Pracownia Test\u00f3w BLOG","article_modified_time":"2022-08-18T18:59:50+00:00","og_image":[{"width":494,"height":640,"url":"https:\/\/www.blog.pracowniatestow.com\/wp-content\/uploads\/2016\/01\/anchor-681854_640.jpg","type":"image\/jpeg"}],"twitter_card":"summary_large_image","twitter_misc":{"Szacowany czas czytania":"2 minuty"},"schema":{"@context":"https:\/\/schema.org","@graph":[{"@type":"WebPage","@id":"https:\/\/www.blog.pracowniatestow.com\/index.php\/testy-psychologiczne\/coaching-kariery\/wartosci-pracy\/","url":"https:\/\/www.blog.pracowniatestow.com\/index.php\/testy-psychologiczne\/coaching-kariery\/wartosci-pracy\/","name":"WARTO\u015aCI PRACY - Pracownia Test\u00f3w BLOG","isPartOf":{"@id":"https:\/\/www.blog.pracowniatestow.com\/#website"},"primaryImageOfPage":{"@id":"https:\/\/www.blog.pracowniatestow.com\/index.php\/testy-psychologiczne\/coaching-kariery\/wartosci-pracy\/#primaryimage"},"image":{"@id":"https:\/\/www.blog.pracowniatestow.com\/index.php\/testy-psychologiczne\/coaching-kariery\/wartosci-pracy\/#primaryimage"},"thumbnailUrl":"https:\/\/www.blog.pracowniatestow.com\/wp-content\/uploads\/2016\/01\/anchor-681854_640.jpg","datePublished":"2016-01-06T20:43:52+00:00","dateModified":"2022-08-18T18:59:50+00:00","description":"Test Warto\u015bci Pracy zosta\u0142 opracowany w oparciu o koncepcj\u0119 Kotwic Kariery Edgara Scheina, czynnik\u00f3w wp\u0142ywaj\u0105cych na zadowolenie z pracy.","breadcrumb":{"@id":"https:\/\/www.blog.pracowniatestow.com\/index.php\/testy-psychologiczne\/coaching-kariery\/wartosci-pracy\/#breadcrumb"},"inLanguage":"pl-PL","potentialAction":[{"@type":"ReadAction","target":["https:\/\/www.blog.pracowniatestow.com\/index.php\/testy-psychologiczne\/coaching-kariery\/wartosci-pracy\/"]}]},{"@type":"ImageObject","inLanguage":"pl-PL","@id":"https:\/\/www.blog.pracowniatestow.com\/index.php\/testy-psychologiczne\/coaching-kariery\/wartosci-pracy\/#primaryimage","url":"https:\/\/www.blog.pracowniatestow.com\/wp-content\/uploads\/2016\/01\/anchor-681854_640.jpg","contentUrl":"https:\/\/www.blog.pracowniatestow.com\/wp-content\/uploads\/2016\/01\/anchor-681854_640.jpg","width":494,"height":640,"caption":"warto\u015bci pracy"},{"@type":"BreadcrumbList","@id":"https:\/\/www.blog.pracowniatestow.com\/index.php\/testy-psychologiczne\/coaching-kariery\/wartosci-pracy\/#breadcrumb","itemListElement":[{"@type":"ListItem","position":1,"name":"Strona g\u0142\u00f3wna","item":"https:\/\/www.blog.pracowniatestow.com\/"},{"@type":"ListItem","position":2,"name":"TESTY PSYCHOLOGICZNE","item":"https:\/\/www.blog.pracowniatestow.com\/index.php\/testy-psychologiczne\/"},{"@type":"ListItem","position":3,"name":"COACHING KARIERY","item":"https:\/\/www.blog.pracowniatestow.com\/index.php\/testy-psychologiczne\/coaching-kariery\/"},{"@type":"ListItem","position":4,"name":"WARTO\u015aCI PRACY"}]},{"@type":"WebSite","@id":"https:\/\/www.blog.pracowniatestow.com\/#website","url":"https:\/\/www.blog.pracowniatestow.com\/","name":"Pracownia Test\u00f3w BLOG","description":"Pracowania Test\u00f3w to serwis zawieraj\u0105cy testy osobowo\u015bci przydatne w planowaniu i rozwoju kariery  oraz rozwoju osobistym.","potentialAction":[{"@type":"SearchAction","target":{"@type":"EntryPoint","urlTemplate":"https:\/\/www.blog.pracowniatestow.com\/?s={search_term_string}"},"query-input":{"@type":"PropertyValueSpecification","valueRequired":true,"valueName":"search_term_string"}}],"inLanguage":"pl-PL"}]}},"_links":{"self":[{"href":"https:\/\/www.blog.pracowniatestow.com\/index.php\/wp-json\/wp\/v2\/pages\/238","targetHints":{"allow":["GET"]}}],"collection":[{"href":"https:\/\/www.blog.pracowniatestow.com\/index.php\/wp-json\/wp\/v2\/pages"}],"about":[{"href":"https:\/\/www.blog.pracowniatestow.com\/index.php\/wp-json\/wp\/v2\/types\/page"}],"author":[{"embeddable":true,"href":"https:\/\/www.blog.pracowniatestow.com\/index.php\/wp-json\/wp\/v2\/users\/1"}],"replies":[{"embeddable":true,"href":"https:\/\/www.blog.pracowniatestow.com\/index.php\/wp-json\/wp\/v2\/comments?post=238"}],"version-history":[{"count":5,"href":"https:\/\/www.blog.pracowniatestow.com\/index.php\/wp-json\/wp\/v2\/pages\/238\/revisions"}],"predecessor-version":[{"id":616,"href":"https:\/\/www.blog.pracowniatestow.com\/index.php\/wp-json\/wp\/v2\/pages\/238\/revisions\/616"}],"up":[{"embeddable":true,"href":"https:\/\/www.blog.pracowniatestow.com\/index.php\/wp-json\/wp\/v2\/pages\/41"}],"wp:featuredmedia":[{"embeddable":true,"href":"https:\/\/www.blog.pracowniatestow.com\/index.php\/wp-json\/wp\/v2\/media\/240"}],"wp:attachment":[{"href":"https:\/\/www.blog.pracowniatestow.com\/index.php\/wp-json\/wp\/v2\/media?parent=238"}],"curies":[{"name":"wp","href":"https:\/\/api.w.org\/{rel}","templated":true}]}}